
Let r(n) = -4*n**2 - 282*n + 247. What is r(-71)?
105
Let u(b) = 50*b - 189. Give u(22).
911
Let f(m) = m**3 + 8*m**2 - 1104*m - 7781. Give f(-7).
-4
Let o(n) = -2*n**2 + 3217*n + 6. Determine o(0).
6
Let i(o) = 15*o - 825. Determine i(56).
15
Let c(m) = -10*m + 310. What is c(33)?
-20
Let j(x) = -113*x + 286. Determine j(2).
60
Let z(w) = -w**3 - 55*w**2 + 404*w - 1855. What is z(-62)?
5
Let s(m) = -m**3 - 15*m**2 + 77*m - 8. What is s(5)?
-123
Let h(y) = -4*y**3 - 8*y**2 + 19*y + 26. Determine h(-1).
3
Let w(k) = k**3 - 15*k**2 - 36*k - 7. Determine w(-3).
-61
Let s(t) = -t**3 - 15*t**2 - 15*t + 3. Calculate s(-12).
-249
Let i(o) = -o**2 - 235*o + 3235. Calculate i(13).
11
Let w(t) = -25*t + 209. Give w(9).
-16
Let r(b) = -825*b - 2526. Calculate r(-3).
-51
Let k(n) = n**2 - 31*n - 795. What is k(-17)?
21
Let y(z) = -7*z - 285. Give y(25).
-460
Let f(p) = p**2 + 48*p + 526. What is f(-17)?
-1
Let l(r) = 2*r**2 + 13*r - 29. Give l(4).
55
Let q(i) = 2*i**2 - 17*i - 69. Calculate q(12).
15
Let b(c) = -11*c - 202. Calculate b(-19).
7
Let z(y) = -y**3 + 18*y + 6. What is z(5)?
-29
Let t(j) = -805*j - 52325. Give t(-65).
0
Let c(j) = j**3 - 31*j**2 + 83*j - 68. Determine c(28).
-96
Let y(p) = 10*p**2 + 139*p - 32. What is y(-14)?
-18
Let i(b) = b**3 + 17*b**2 + 8*b + 78. Give i(-16).
206
Let p(k) = 12*k**2 + 4*k - 40. What is p(5)?
280
Let x(n) = n**3 - 147*n**2 - 439*n - 1678. Give x(150).
-28
Let p(f) = -31*f - 183. What is p(-5)?
-28
Let c(h) = -3*h**3 + 29*h**2 + 43*h - 12. Give c(11).
-23
Let z(b) = -5*b - 165. What is z(-31)?
-10
Let b(l) = -2771*l - 11038. What is b(-4)?
46
Let c(h) = 84*h - 1235. What is c(14)?
-59
Let o(c) = -c**2 + 81*c - 211. Determine o(75).
239
Let b(v) = -v**3 + 23*v**2 - 46*v + 10. What is b(2)?
2
Let p(z) = -75*z**2 - 582*z - 23. Give p(-8).
-167
Let v(b) = 68*b - 2457. Determine v(36).
-9
Let h(c) = -5*c**3 + 127*c**2 + 74*c + 110. What is h(26)?
6
Let t(s) = -s**2 + 71*s - 905. Determine t(55).
-25
Let c(t) = t + 15. What is c(-10)?
5
Let b(j) = -j**3 - 3*j**2 + 45*j - 81. Calculate b(4).
-13
Let a(n) = n**3 + 4*n**2 - 5213*n - 20847. Determine a(-4).
5
Let a(f) = -7*f**2 + 34*f + 2. Calculate a(5).
-3
Let q(f) = -f**3 - 5*f**2 - 113*f - 569. Calculate q(-5).
-4
Let y(w) = -58*w - 860. Determine y(-16).
68
Let h(a) = 877*a + 15784. Give h(-18).
-2
Let z(x) = -3*x**2 - 28*x + 513. Give z(-19).
-38
Let v(j) = 26*j - 267. Give v(12).
45
Let w(d) = -d**3 + 32*d**2 - 89*d + 41. Give w(29).
-17
Let x(c) = -5*c**2 + 75*c - 14. Calculate x(15).
-14
Let o(l) = 46*l**2 + 181*l - 21. Give o(-4).
-9
Let l(u) = -106*u**2 - 1698*u - 35. Determine l(-16).
-3
Let l(d) = 2*d**3 - 61*d**2 - 94*d + 1972. Determine l(31).
19
Let r(t) = 2*t**3 - 24*t**2 + 92*t - 229. Give r(8).
-5
Let t(c) = -c**2 + 21*c - 25. What is t(5)?
55
Let s(j) = -273*j + 328. Calculate s(2).
-218
Let r(g) = 19*g**3 + 14*g**2 - 23*g + 10. Determine r(1).
20
Let u(q) = -7*q - 75. Determine u(20).
-215
Let y(z) = -z**3 + 61*z**2 + 331*z - 216. What is y(66)?
-150
Let k(r) = -r**3 + 19*r**2 - 21*r + 91. Give k(18).
37
Let b(w) = w**3 + 51*w**2 + 56*w + 305. Give b(-50).
5
Let m(j) = -80*j + 365. Calculate m(7).
-195
Let q(h) = -110*h**2 - 19*h. Calculate q(-1).
-91
Let q(t) = 2*t**3 - 107*t**2 + 55*t - 81. Determine q(53).
25
Let o(y) = 2*y**3 - 87*y**2 + 285*y - 187. What is o(40)?
13
Let r(d) = -2*d**3 - 207*d**2 - 97*d + 655. Determine r(-103).
37
Let a(d) = 272*d - 1360. Determine a(5).
0
Let w(o) = -2*o**2 + 181*o - 173. Determine w(91).
-264
Let y(w) = -2*w**2 - 22*w - 70. What is y(-3)?
-22
Let v(z) = -3*z**2 + 22*z + 135. Determine v(-6).
-105
Let m(c) = -2*c**3 + 131*c**2 + 483*c + 8. Calculate m(69).
8
Let b(a) = 42*a + 398. Give b(-13).
-148
Let p(b) = -7*b**3 - 4*b**2 - 14*b - 26. Calculate p(-3).
169
Let q(y) = 15*y - 356. Calculate q(24).
4
Let s(v) = v**3 - 32*v**2 + 48*v + 203. Calculate s(30).
-157
Let k(c) = c**3 + 17*c**2 - 66*c - 33. Determine k(-20).
87
Let f(l) = -32*l**2 + 11*l - 13. Give f(3).
-268
Let z(y) = -15*y - 197. Determine z(-22).
133
Let z(i) = 2*i**3 - 18*i**2 - 21*i + 37. Determine z(9).
-152
Let u(g) = 15*g - 571. Calculate u(39).
14
Let u(v) = v**3 - 11*v**2 + 14*v - 50. Give u(5).
-130
Let h(v) = 3*v**2 - 171*v + 482. Give h(54).
-4
Let q(h) = -43*h - 4023. Give q(-94).
19
Let h(x) = x + 28. Determine h(9).
37
Let i(x) = -x**3 + 9*x**2 + 13*x + 19. Determine i(10).
49
Let q(r) = -r**3 + 8*r**2 - 14*r + 131. What is q(8)?
19
Let d(c) = -c**2 - 130*c - 978. Calculate d(-8).
-2
Let c(r) = 11*r**3 + 3*r**2 - 6*r. Determine c(3).
306
Let r(b) = 23*b**2 - 319*b - 34. What is r(14)?
8
Let z(q) = q**3 - 9*q**2 - 6*q + 29. Determine z(9).
-25
Let o(v) = -3*v**3 - 295*v**2 - 389*v - 99. Give o(-97).
-2
Let m(x) = 8*x**2 - 61*x + 5. Give m(11).
302
Let k(q) = -q**3 - 2*q**2 + 71*q - 21. Determine k(7).
35
Let d(g) = -334*g + 4353. What is d(13)?
11
Let l(g) = 7*g**2 + 482*g + 393. Determine l(-68).
-15
Let x(n) = 18*n**3 + 5*n**2 + 4*n - 2. Give x(-1).
-19
Let u(q) = -q**3 - 22*q**2 - 54*q - 8. Give u(-20).
272
Let j(c) = -8*c**2 - 143*c - 606. Calculate j(-11).
-1
Let c(f) = -382*f + 71439. Give c(187).
5
Let j(x) = -6*x - 57. What is j(0)?
-57
Let p(c) = -2*c**2 + 31*c + 140. What is p(19)?
7
Let c(o) = -984*o - 9831. Determine c(-10).
9
Let d(q) = -3688*q + 77445. Calculate d(21).
-3
Let d(n) = 18*n**2 + 2004*n - 1367. Determine d(-112).
-23
Let z(f) = 3*f**2 + 11*f - 172. What is z(-10)?
18
Let a(w) = -w**2 + 20*w - 3. Calculate a(3).
48
Let u(z) = -z**2 + 66*z + 201. What is u(-3)?
-6
Let k(t) = -t**2 + 21*t - 90. Give k(16).
-10
Let o(n) = 2*n**3 + 106*n**2 + 90*n - 129. What is o(-52)?
599
Let i(w) = -25*w**2 - 8*w - 21. Calculate i(0).
-21
Let r(l) = -148*l - 1200. What is r(-12)?
576
Let n(r) = -8*r + 447. Determine n(56).
-1
Let g(j) = 374*j + 5285. Determine g(-14).
49
Let b(g) = -g**3 + 4*g**2 + 12*g - 59. Calculate b(4).
-11
Let y(u) = -30*u**2 - 407*u + 179. What is y(-14)?
-3
Let v(a) = -2*a**3 - 26*a**2 + 138*a + 38. Give v(-17).
4
Let s(j) = -j**3 + 42*j**2 + 120*j - 1393. Give s(44).
15
Let h(j) = -6*j**2 - 281*j + 3436. Determine h(10).
26
Let t(a) = -121*a - 1813. Determine t(-15).
2
Let v(j) = -209*j - 1896. Calculate v(-9).
-15
Let s(k) = 616*k + 21556. Give s(-35).
-4
Let a(q) = -56*q + 159. Give a(9).
-345
Let q(v) = 9*v**2 + 2*v + 1. Determine q(-1).
8
Let r(p) = 2*p**2 - 301*p - 445. What is r(152)?
11
Let c(x) = -x**3 - 8*x**2 + 7*x - 29. Calculate c(-9).
-11
Let v(j) = 2*j + 271. What is v(-16)?
239
Let l(y) = -311*y**3 - y**2 + y. What is l(-1)?
309
Let b(s) = 2173*s + 13037. What is b(-6)?
-1
Let n(d) = -4*d**2 + 30*d - 2. What is n(9)?
-56
Let q(p) = p**3 + 184*p**2 + 1571*p - 31. Give q(-9).
5
Let g(w) = w**2 - 14*w - 1109. Give g(-27).
-2
Let c(q) = 2*q**2 - 91*q + 1025. What is c(23)?
-10
Let a(n) = 5*n - 164. Determine a(34).
6
Let t(z) = 16*z - 141. Calculate t(12).
51
Let b(a) = a**2 - 93*a - 376. Determine b(-4).
12
Let y(m) = -2*m**3 + 15*m**2 - m - 5. Determine y(7).
37
Let r(d) = d**2 + 125*d + 3819. Give r(-70).
-31
Let h(v) = -v**2 + 18*v + 102. What is h(28)?
-178
Let q(y) = y**3 + 4*y**2 - 230*y - 146. Give q(-17).
7
Let m(b) = -b**2 - 11*b - 160. Calculate m(-17).
-262
Let z(r) = r**3 + 3*r**2 - 21*r - 5. Calculate z(-6).
13
Let q(y) = 2*y**3 - 45*y**2 - 85*y + 306. What is q(24)?
-6
Let n(q) = -2*q**2 - 19*q - 94. What is n(-4)?
-50
Let v(s) = -224*s + 438. Give v(2).
-10
Let x(d) = 892*d + 869. Calculate x(-1).
-23
Let r(z) = -2*z**3 - 280*z**2 + 18*z + 2531. Determine r(-140).
11
Let s(q) = -15*q**2 - 83*q + 669. Calculate s(-10).
-1
Let b(y) = -y**2 + 56*y + 11. Determine b(0).
11
Let x(m) = -122*m - 742. Calculate x(-8).
234
Let m(g) = g**3 - 27*g**2 + 62*g + 13. Determine m(24).
-227
Let m(a) = -36*a**3 + a**2 + 5*a - 5. Calculate m(1).
-35
Let q(b) = -b**3 + b**2 + 108*b + 390. Determine q(-6).
-6
Let h(y) = 66*y - 536. Calculate h(7).
-74
Let b(y) = 7*y**3 - 7*y**2 + 2*y - 25. What is b(4)?
319
Let n(v) = v**3 - 18*v**2 + 62*v - 55. Calculate n(12).
-175
Let p(q) = q**3 + 10*q**2 - 32*q + 95. Give p(-13).
4
Let j(d) = -29*d + 1238. What is j(47)?
-125
Let y(p) = 205*p - 3291. Determine y(16).
-11
Let k(a) = -a**3 - 28*a**2 - 26*a + 49. Calculate k(-27).
22
Let u(o) = 281*o - 